t common factor of d and 768.
96
Let k be (((-30)/2)/5)/(9/(-24)). Let i be (-24)/10*((-60)/k - 0). Suppose -5*y = 5*t, 9*y - 4*y + 6 = -2*t. Calculate the greatest common divisor of i and t.
2
Suppose 0 = 2*p - 7*p + 120. Let x = p + -23. Let j(o) = 24*o - 2. Let a be j(x). What is the greatest common factor of a and 22?
22
Let f = 2314 + -1978. What is the highest common divisor of f and 420?
84
Suppose -4*z + 11912 = 2292. Calculate the greatest common divisor of 3515 and z.
185
Let b = 156 + -154. Let s be (-56)/(-9) + 8/(-36). What is the greatest common factor of s and b?
2
Let x(s) = 29*s**3 - 79*s**2 + 2*s - 21. Let a be x(3). What is the highest common factor of 489 and a?
3
Let q = -8999 - -9242. What is the highest common divisor of 405 and q?
81
Suppose -7*x = -4*x - 4*x. Suppose 20*p - 14*p - 18 = x. Let f(k) = 2*k**2 - 3*k. Let h be f(-3). Calculate the highest common divisor of p and h.
3
Let y(p) = -p**3 - 2*p**2 + 5*p - 5. Let f(x) = 45*x - 229. Let s be f(5). Let w be y(s). What is the highest common divisor of w and 7?
7
Suppose 125 = -3*f - 3*g - 37, 2*f - 2*g = -88. Let z = -29 - f. Let c be (1 + -1 + -5)/(-1). Calculate the greatest common divisor of c and z.
5
Let s(i) = -2 - 9 - 218*i + 213*i. Let b be s(-9). What is the greatest common factor of 374 and b?
34
Let t be -230*((-3)/2 + 0). Let m = -233703 + 233718. Calculate the highest common factor of t and m.
15
Suppose w = 2, 5*j = w - 3*w + 434. Suppose -89*v + j*v = -183. Let p = v + -11. Calculate the greatest common factor of p and 200.
50
Let g(y) = 9601*y**2 + 972*y + 971. Let c be g(-1). Calculate the highest common divisor of c and 15.
15
Let f(g) = -g**3 + 6*g**2 + 6*g + 15. Let b be f(6). Let k be 28*(b - 21)*1/7. What is the greatest common factor of k and 30?
30
Let q be 1 - ((-302)/4)/(18/36). Let l = q + -116. Calculate the highest common divisor of 64 and l.
4
Let m be 672/72*2*(-6)/(-8). Let j be 12/42 - 1*26/(-7). Calculate the greatest common divisor of m and j.
2
Let l be (-4)/6*(-1 - 146). Let g(u) = 45*u - 1488. Let m be g(34). What is the greatest common divisor of m and l?
14
Let o = -4050 + 4058. What is the highest common divisor of 2744 and o?
8
Let y = -150 + 206. Let b = 39 + y. Calculate the greatest common factor of 38 and b.
19
Let z(m) = 3*m**2 + 2*m + 3. Let j be z(3). Let f = -4774 + 4936. What is the greatest common divisor of f and j?
18
Suppose -188 = -26*g - 21*g. Let j be (50/4)/((-1)/(-10)). Suppose -x = g*x - j. Calculate the highest common divisor of x and 200.
25
Let v be (-663 - -1)/(2*(-7)/14). Suppose -5*t - v + 159 = -q, -2*t - 974 = -2*q. What is the highest common factor of 42 and q?
21
Suppose -4*d - k = -165, 4*d - k - 196 = -41. Let p be 9/2*d/15. What is the greatest common factor of p and 16?
4
Let j(w) = -w**2 + 7*w + 7. Suppose 2 = 7*i - 19. Suppose -2*s - 9 = -4*y + 7, 4*y + i*s = 36. Let q be j(y). Calculate the highest common factor of q and 65.
13
Let h be (((-30108)/16)/((-9)/16))/((-3)/(-63)). Calculate the highest common divisor of h and 364.
364
Let o(u) = -3936*u - 187. Let k be o(-8). Calculate the greatest common factor of 277 and k.
277
Suppose 2 + 1 = -3*m, 3*m = -j. Suppose w = -j*w + 32. Let s(d) = 14*d**2 + 116*d - 184. Let p be s(-10). Calculate the highest common divisor of p and w.
8
Suppose -110*a + 670 + 540 = 0. What is the greatest common divisor of a and 10329?
11
Let s be 4 + 1 + 63 + -3. Suppose -7*w + s = 51. Suppose v - 50 = -4*v. Calculate the greatest common divisor of w and v.
2
Let r(m) = 56*m + 6. Let g be r(6). Let b = g - 321. Calculate the highest common factor of 147 and b.
21
Suppose 185*g - 2164 - 1166 = 0. What is the greatest common divisor of g and 47?
1
Suppose -2*d = 4*r - 12, -d + 9 + 9 = -4*r. What is the greatest common factor of 48 and d?
2
Suppose 3*v = -204*r + 206*r - 34444, 0 = -2*r - 5*v + 34380. Calculate the highest common divisor of 10 and r.
10
Let w(s) = 8*s + 139. Let n be w(-17). Suppose 269 = 4*z + 5*y, 51 = n*z - 3*y - 117. Calculate the highest common divisor of 305 and z.
61
Suppose 3*a = 14 + 130. Suppose 5*u = 12 + a. Suppose -6*v + 8*v - 67 = 5*h, 5 = 5*h. What is the highest common factor of u and v?
12
Suppose -3*k + 11 = -4. Let z be (-1 + 1)/(-5 + 3). Suppose 2*x + 6*n - 2*n = 70, -4*x - 5*n + 125 = z. What is the highest common divisor of k and x?
5
Let j = -2 - -4. Suppose -12*y = -19*y. Suppose -16 = -4*l, y = -3*v - l + 58 + 24. What is the greatest common divisor of v and j?
2
Let a(s) = -s + 10. Let o be a(6). Let b be (-8)/((-64)/(-24))*(49 + 0). Let n = 163 + b. What is the highest common divisor of o and n?
4
Let o be (5/15)/((-6)/(-324)). Let p = 61 + 281. What is the greatest common divisor of p and o?
18
Let r = 105 + -103. Suppose -4*s + 3*w - 81 = r*w, -s = 2*w + 27. Let f be s/(2/18 - (-134)/(-720)). Calculate the greatest common factor of 40 and f.
40
Let p be ((-5)/30*4)/((-12)/(-126)). Let o(w) = 12*w**2 + 10*w - 46. Let h be o(p). What is the highest common factor of 8 and h?
8
Suppose 5*a = 64659 - 21644. Calculate the greatest common factor of 7 and a.
7
Suppose 30*f - 66527 - 25983 = -28*f. What is the highest common factor of f and 15?
5
Suppose -46 = -4*r + 3*s, r - 85 + 62 = -5*s. Calculate the greatest common divisor of 7 and r.
1
Let g = -10321 - -11244. Calculate the greatest common divisor of g and 52.
13
Let j = -1796 + 4548. Suppose 0*u - j = -16*u. What is the highest common factor of u and 430?
86
Let b(r) = -112*r - 129. Let s be b(-2). What is the highest common factor of s and 76?
19
Let s = -4 + 32. Suppose -s*d = -30*d + 80. Calculate the highest common factor of d and 1000.
40
Let a(l) = 7*l**3 + 71*l**2 + 3*l - 29. Let s be a(-10). Suppose 2*p - 356 - 546 = 0. Calculate the highest common divisor of s and p.
41
Suppose 0 = -0*t - 2*t + 12. Suppose 40020 = 4636*s - 4346*s. What is the highest common divisor of s and t?
6
Let f(o) = -3*o + 3. Let t be f(30). Let q be ((-14)/5)/(t/435). Calculate the greatest common factor of 91 and q.
7
Let i(f) = 129 - 4*f - 62 + 0*f + 8*f**2 - 65. Let r be i(1). What is the greatest common factor of r and 390?
6
Let c = -35146 + 35221. What is the greatest common factor of 1025 and c?
25
Let z be (-1 + 1)/(8 + -9). Suppose 2*k + 2*b - 38 = z, -2*k + 23 = -b - 0*b. What is the greatest common factor of 448 and k?
14
Let u(x) = -4*x**3 + 108*x**2 + 17*x - 100. Let n be u(19). Calculate the highest common factor of 75 and n.
75
Suppose -146*a = 158*a - 16720. What is the highest common divisor of 66 and a?
11
Let u(t) = 232*t - 176. Let d be u(1). What is the greatest common factor of 56 and d?
56
Let s be (-49808)/33*(-6)/4. Let x be (s/30)/4 + 24/180. Calculate the highest common divisor of 304 and x.
19
Let m(h) = -7*h + 0*h - 115 + 40. Let s be m(-23). Calculate the greatest common divisor of 2 and s.
2
Let v = -53 - -73. Suppose -17*a = 5*s - 12*a - 245, v = 5*a. Let z = 2 - -3. Calculate the greatest common divisor of z and s.
5
Suppose 35 + 177 = 4*t. Let o = 379475 - 377779. What is the greatest common divisor of o and t?
53
Let a be 2 + (-160)/75 - (-308)/60. Suppose -13*p + 216 = a*p. Calculate the highest common factor of 216 and p.
12
Suppose 23804 = 73*s - 8389. What is the highest common factor of s and 36?
9
Let r = 841 - 376. Suppose 7*x - 6*x - r = -4*a, 0 = a + 4. What is the greatest common factor of x and 74?
37
Let v = -126 - -201. Let c = 542 - 468. Suppose -2*f = b - 29, 11*f + b = 6*f + c. What is the highest common factor of v and f?
15
Suppose 12*s - 20820 = 12180. What is the greatest common factor of 22 and s?
22
Suppose -2*i - 3*b + 13 = 0, 0*i + 23 = 3*i + b. Suppose -36 = -q + i. Suppose -7*g + 110 = -2*g. Calculate the highest common divisor of q and g.
22
Suppose 426 = 10*f - 3484. Suppose -13*c - 259*c + 9248 = 0. Calculate the greatest common factor of f and c.
17
Let n(y) = y**3 - 4*y**2 - 16*y - 1. Let r = 326 + -319. Let v be n(r). What is the greatest common factor of v and 2?
2
Let h = -20 - -32. Suppose -3865 - 599 = -31*k. Calculate the greatest common factor of h and k.
12
Let u = -15385 - -15403. What is the greatest common divisor of 19566 and u?
18
Let v = 71509 + -42708. What is the greatest common factor of 347 and v?
347